{"id":90,"date":"2020-04-27T03:35:04","date_gmt":"2020-04-27T03:35:04","guid":{"rendered":"http:\/\/webdemo.slusd.us\/washington\/washington\/lcap-en-espanol\/"},"modified":"2020-04-27T03:35:04","modified_gmt":"2020-04-27T03:35:04","slug":"lcap-en-espanol","status":"publish","type":"page","link":"https:\/\/www.slusd.us\/washington\/washington\/lcap-en-espanol\/","title":{"rendered":"LCAP En Espa\u00f1ol"},"content":{"rendered":"<div class=\"ui-sp ui-print\" id=\"sw-content-layout-wrapper\" role=\"main\"><a id=\"sw-maincontent\" name=\"sw-maincontent\" style=\"display: block; position: relative; top: -118px;\" tabindex=\"-1\"><\/a><\/p>\n<div id=\"sw-content-layout1\">\n<div class=\"ui-column-one region\" id=\"sw-content-container1\">\n<div id=\"pmi-3684\">\n<div id=\"sw-module-37480\">\n<div id=\"module-content-3748\">\n<div class=\"ui-widget app flexpage last-app\">\n<div class=\"ui-widget-header ui-helper-hidden\"><\/div>\n<div class=\"ui-widget-detail\">\n<ul class=\"ui-articles\">\n<li>\n<div class=\"ui-article last-article\">\n<div class=\"ui-article-description\"><span><span><span style=\"color: #333333; font-family: Arial, Tahoma, sans-serif; -webkit-text-size-adjust: none; \"><\/p>\n<div align=\"center\">\n<p align=\"center\" style=\"text-align: center; \"><strong><span style=\"font-size: 18pt; line-height: 27px; \">Entendiendo la F\u00f3rmula de Control Local de Fondos y el\u00a0Plan de Control Local de Rendimiento de Cuentas<\/span><\/strong><\/p>\n<\/div>\n<p><\/p>\n<div><\/div>\n<div>\u00a0<\/div>\n<div><span style=\"font-size: 12pt; line-height: 18px; font-family: Calibri, sans-serif; \">Durante casi 40 a\u00f1os, California se ha basado en un sistema que financiaba los distritos escolares en los grados K- 12 a trav\u00e9s de un financiamiento de prop\u00f3sito general (conocido como ingresos restringidos) y m\u00e1s de 50 programas categ\u00f3ricos estrictamente definidos. Con los a\u00f1os, los programas categ\u00f3ricos han crecido hasta incluir subvenciones especializadas, oportunidades de competencia, autorizaciones, y fuentes de financiaci\u00f3n de una sola vez, \u00a0de varios a\u00f1os y contin\u00faas. En gran parte de la historia, las circunstancias y \u00a0la suerte determinan el nivel de financiaci\u00f3n que un distrito escolar recibir\u00eda. Esto condujo a un entorno en el que los fondos para los distritos escolares se tornaron desiguales y los requisitos de subvenciones y programas espec\u00edficos impulsaron las decisiones de gasto en lugar de las necesidades del estudiante.<br \/><\/span><\/div>\n<div>\u00a0<\/div>\n<div><span style=\"font-size: 12pt; line-height: 18px; font-family: Calibri, sans-serif; \">Con la intenci\u00f3n de proporcionar una f\u00f3rmula m\u00e1s equitativa para la distribuci\u00f3n de fondos estatales, \u00a0proporcionarle a los distritos escolares locales una mayor flexibilidad, y apoyar un entorno que preste atenci\u00f3n al desempe\u00f1o y se concentre en los estudiantes del Estado de California se cre\u00f3 la F\u00f3rmula de Control Local de Fondos (LCFF).<\/span><\/div>\n<div>\u00a0<\/div>\n<div><span style=\"font-size: 12pt; line-height: 18px; font-family: Calibri, sans-serif; \">El Plan de Control Local de Rendimiento de Cuentas (LCAP) es el veh\u00edculo para la Formula de Control\u00a0Local de Fondos (LCFF) para la transparencia y el compromiso. En pocas palabras, es el componente de rendici\u00f3n de cuentas de la formula LCFF. El LCAP ser\u00e1 el principal medio a trav\u00e9s del cual se espera que los distritos escolares compartan los datos de rendimiento, las necesidades, las acciones y los resultados esperados que guiar\u00e1n el uso de los fondos disponibles de la Formula de Control Local de Fondos (LCFF).<br \/><\/span><\/p>\n<div><\/div>\n<\/div>\n<div>\u00a0<\/div>\n<div>\n<div><span style=\"font-size: 12pt; line-height: 18px; font-family: Calibri, sans-serif; \">A partir del a\u00f1o escolar 2014-2015, cada distrito escolar tiene la responsabilidad de crear un Plan de Control Local de Rendimiento de Cuentas (LCAP) de tres a\u00f1os que este alineado con el presupuesto del distrito. Bajo la Formula LCFF, se espera que los distritos locales desarrollen y financien un plan teniendo en cuenta las necesidades de los estudiantes. Debe existir una conexi\u00f3n expl\u00edcita y transparente entre la Formula LCAP y los gastos presupuestarios. Los distritos utilizar\u00e1n la Formula LCAP para describir las metas anuales para todos los estudiantes, incluyendo atenci\u00f3n a los detalles de familias de bajos ingresos, aprendices de ingl\u00e9s, y los ni\u00f1os de crianza\/Foster Youth para atender las prioridades estatales y locales. La f\u00f3rmula LCAP tambi\u00e9n debe describir las medidas concretas que el LEA tomar\u00e1 para lograr los \u00a0objetivos que este ha identificado detallando un presupuesto que muestre el nivel y tipo de gastos estatales realizados para apoyar estas acciones. Adem\u00e1s, se espera \u00a0que la opini\u00f3n de los padres de familia y la comunidad, junto con informaci\u00f3n relativamente transparente est\u00e9 disponible para comunicar c\u00f3mo la financiaci\u00f3n prestara atenci\u00f3n a\u00a0las\u00a0<\/span><\/div>\n<\/div>\n<p><\/span><\/span><\/span><\/div>\n<div class=\"clear\"><\/div>\n<\/div>\n<\/li>\n<\/ul>\n<\/div>\n<div class=\"ui-widget-footer\">\n<div class=\"clear\"><\/div>\n<\/div>\n<\/div>\n<\/div>\n<\/div>\n<\/div>\n<\/div>\n<div class=\"clear\"><\/div>\n<\/div>\n<\/div>\n","protected":false},"excerpt":{"rendered":"<p>Entendiendo la F\u00f3rmula de Control Local de Fondos y el\u00a0Plan de Control Local de Rendimiento de Cuentas \u00a0 Durante casi 40 a\u00f1os, California se ha basado en un sistema que financiaba los distritos escolares en los grados K- 12 a trav\u00e9s de un financiamiento de prop\u00f3sito general (conocido como ingresos restringidos) y m\u00e1s de 50 [&hellip;]<\/p>\n","protected":false},"author":1,"featured_media":0,"parent":79,"menu_order":0,"comment_status":"closed","ping_status":"closed","template":"","meta":{"_lmt_disableupdate":"","_lmt_disable":"","cybocfi_hide_featured_image":"","footnotes":""},"class_list":["post-90","page","type-page","status-publish","hentry"],"yoast_head":"<!-- This site is optimized with the Yoast SEO plugin v27.3 - https:\/\/yoast.com\/product\/yoast-seo-wordpress\/ -->\n<title>LCAP En Espa\u00f1ol - Washington Elementary<\/title>\n<meta name=\"robots\" content=\"index, follow, max-snippet:-1, max-image-preview:large, max-video-preview:-1\" \/>\n<link rel=\"canonical\" href=\"https:\/\/www.slusd.us\/washington\/washington\/lcap-en-espanol\/\" \/>\n<meta property=\"og:locale\" content=\"en_US\" \/>\n<meta property=\"og:type\" content=\"article\" \/>\n<meta property=\"og:title\" content=\"LCAP En Espa\u00f1ol - Washington Elementary\" \/>\n<meta property=\"og:description\" content=\"Entendiendo la F\u00f3rmula de Control Local de Fondos y el\u00a0Plan de Control Local de Rendimiento de Cuentas \u00a0 Durante casi 40 a\u00f1os, California se ha basado en un sistema que financiaba los distritos escolares en los grados K- 12 a trav\u00e9s de un financiamiento de prop\u00f3sito general (conocido como ingresos restringidos) y m\u00e1s de 50 [&hellip;]\" \/>\n<meta property=\"og:url\" content=\"https:\/\/www.slusd.us\/washington\/washington\/lcap-en-espanol\/\" \/>\n<meta property=\"og:site_name\" content=\"Washington Elementary\" \/>\n<meta name=\"twitter:card\" content=\"summary_large_image\" \/>\n<meta name=\"twitter:label1\" content=\"Est. reading time\" \/>\n\t<meta name=\"twitter:data1\" content=\"3 minutes\" \/>\n<script type=\"application\/ld+json\" class=\"yoast-schema-graph\">{\"@context\":\"https:\\\/\\\/schema.org\",\"@graph\":[{\"@type\":\"WebPage\",\"@id\":\"https:\\\/\\\/www.slusd.us\\\/washington\\\/washington\\\/lcap-en-espanol\\\/\",\"url\":\"https:\\\/\\\/www.slusd.us\\\/washington\\\/washington\\\/lcap-en-espanol\\\/\",\"name\":\"LCAP En Espa\u00f1ol - Washington Elementary\",\"isPartOf\":{\"@id\":\"https:\\\/\\\/www.slusd.us\\\/washington\\\/#website\"},\"datePublished\":\"2020-04-27T03:35:04+00:00\",\"breadcrumb\":{\"@id\":\"https:\\\/\\\/www.slusd.us\\\/washington\\\/washington\\\/lcap-en-espanol\\\/#breadcrumb\"},\"inLanguage\":\"en-US\",\"potentialAction\":[{\"@type\":\"ReadAction\",\"target\":[\"https:\\\/\\\/www.slusd.us\\\/washington\\\/washington\\\/lcap-en-espanol\\\/\"]}]},{\"@type\":\"BreadcrumbList\",\"@id\":\"https:\\\/\\\/www.slusd.us\\\/washington\\\/washington\\\/lcap-en-espanol\\\/#breadcrumb\",\"itemListElement\":[{\"@type\":\"ListItem\",\"position\":1,\"name\":\"Home\",\"item\":\"https:\\\/\\\/www.slusd.us\\\/washington\\\/\"},{\"@type\":\"ListItem\",\"position\":2,\"name\":\"Washington\",\"item\":\"https:\\\/\\\/www.slusd.us\\\/washington\\\/washington\\\/\"},{\"@type\":\"ListItem\",\"position\":3,\"name\":\"LCAP En Espa\u00f1ol\"}]},{\"@type\":\"WebSite\",\"@id\":\"https:\\\/\\\/www.slusd.us\\\/washington\\\/#website\",\"url\":\"https:\\\/\\\/www.slusd.us\\\/washington\\\/\",\"name\":\"Washington Elementary\",\"description\":\"Wild About Learning\",\"publisher\":{\"@id\":\"https:\\\/\\\/www.slusd.us\\\/washington\\\/#organization\"},\"potentialAction\":[{\"@type\":\"SearchAction\",\"target\":{\"@type\":\"EntryPoint\",\"urlTemplate\":\"https:\\\/\\\/www.slusd.us\\\/washington\\\/?s={search_term_string}\"},\"query-input\":{\"@type\":\"PropertyValueSpecification\",\"valueRequired\":true,\"valueName\":\"search_term_string\"}}],\"inLanguage\":\"en-US\"},{\"@type\":\"Organization\",\"@id\":\"https:\\\/\\\/www.slusd.us\\\/washington\\\/#organization\",\"name\":\"Washington Elementary\",\"url\":\"https:\\\/\\\/www.slusd.us\\\/washington\\\/\",\"logo\":{\"@type\":\"ImageObject\",\"inLanguage\":\"en-US\",\"@id\":\"https:\\\/\\\/www.slusd.us\\\/washington\\\/#\\\/schema\\\/logo\\\/image\\\/\",\"url\":\"https:\\\/\\\/www.slusd.us\\\/washington\\\/wp-content\\\/uploads\\\/sites\\\/9\\\/2020\\\/04\\\/cropped-washington2.png\",\"contentUrl\":\"https:\\\/\\\/www.slusd.us\\\/washington\\\/wp-content\\\/uploads\\\/sites\\\/9\\\/2020\\\/04\\\/cropped-washington2.png\",\"width\":104,\"height\":87,\"caption\":\"Washington Elementary\"},\"image\":{\"@id\":\"https:\\\/\\\/www.slusd.us\\\/washington\\\/#\\\/schema\\\/logo\\\/image\\\/\"}}]}<\/script>\n<!-- \/ Yoast SEO plugin. -->","yoast_head_json":{"title":"LCAP En Espa\u00f1ol - Washington Elementary","robots":{"index":"index","follow":"follow","max-snippet":"max-snippet:-1","max-image-preview":"max-image-preview:large","max-video-preview":"max-video-preview:-1"},"canonical":"https:\/\/www.slusd.us\/washington\/washington\/lcap-en-espanol\/","og_locale":"en_US","og_type":"article","og_title":"LCAP En Espa\u00f1ol - Washington Elementary","og_description":"Entendiendo la F\u00f3rmula de Control Local de Fondos y el\u00a0Plan de Control Local de Rendimiento de Cuentas \u00a0 Durante casi 40 a\u00f1os, California se ha basado en un sistema que financiaba los distritos escolares en los grados K- 12 a trav\u00e9s de un financiamiento de prop\u00f3sito general (conocido como ingresos restringidos) y m\u00e1s de 50 [&hellip;]","og_url":"https:\/\/www.slusd.us\/washington\/washington\/lcap-en-espanol\/","og_site_name":"Washington Elementary","twitter_card":"summary_large_image","twitter_misc":{"Est. reading time":"3 minutes"},"schema":{"@context":"https:\/\/schema.org","@graph":[{"@type":"WebPage","@id":"https:\/\/www.slusd.us\/washington\/washington\/lcap-en-espanol\/","url":"https:\/\/www.slusd.us\/washington\/washington\/lcap-en-espanol\/","name":"LCAP En Espa\u00f1ol - Washington Elementary","isPartOf":{"@id":"https:\/\/www.slusd.us\/washington\/#website"},"datePublished":"2020-04-27T03:35:04+00:00","breadcrumb":{"@id":"https:\/\/www.slusd.us\/washington\/washington\/lcap-en-espanol\/#breadcrumb"},"inLanguage":"en-US","potentialAction":[{"@type":"ReadAction","target":["https:\/\/www.slusd.us\/washington\/washington\/lcap-en-espanol\/"]}]},{"@type":"BreadcrumbList","@id":"https:\/\/www.slusd.us\/washington\/washington\/lcap-en-espanol\/#breadcrumb","itemListElement":[{"@type":"ListItem","position":1,"name":"Home","item":"https:\/\/www.slusd.us\/washington\/"},{"@type":"ListItem","position":2,"name":"Washington","item":"https:\/\/www.slusd.us\/washington\/washington\/"},{"@type":"ListItem","position":3,"name":"LCAP En Espa\u00f1ol"}]},{"@type":"WebSite","@id":"https:\/\/www.slusd.us\/washington\/#website","url":"https:\/\/www.slusd.us\/washington\/","name":"Washington Elementary","description":"Wild About Learning","publisher":{"@id":"https:\/\/www.slusd.us\/washington\/#organization"},"potentialAction":[{"@type":"SearchAction","target":{"@type":"EntryPoint","urlTemplate":"https:\/\/www.slusd.us\/washington\/?s={search_term_string}"},"query-input":{"@type":"PropertyValueSpecification","valueRequired":true,"valueName":"search_term_string"}}],"inLanguage":"en-US"},{"@type":"Organization","@id":"https:\/\/www.slusd.us\/washington\/#organization","name":"Washington Elementary","url":"https:\/\/www.slusd.us\/washington\/","logo":{"@type":"ImageObject","inLanguage":"en-US","@id":"https:\/\/www.slusd.us\/washington\/#\/schema\/logo\/image\/","url":"https:\/\/www.slusd.us\/washington\/wp-content\/uploads\/sites\/9\/2020\/04\/cropped-washington2.png","contentUrl":"https:\/\/www.slusd.us\/washington\/wp-content\/uploads\/sites\/9\/2020\/04\/cropped-washington2.png","width":104,"height":87,"caption":"Washington Elementary"},"image":{"@id":"https:\/\/www.slusd.us\/washington\/#\/schema\/logo\/image\/"}}]}},"_links":{"self":[{"href":"https:\/\/www.slusd.us\/washington\/wp-json\/wp\/v2\/pages\/90","targetHints":{"allow":["GET"]}}],"collection":[{"href":"https:\/\/www.slusd.us\/washington\/wp-json\/wp\/v2\/pages"}],"about":[{"href":"https:\/\/www.slusd.us\/washington\/wp-json\/wp\/v2\/types\/page"}],"author":[{"embeddable":true,"href":"https:\/\/www.slusd.us\/washington\/wp-json\/wp\/v2\/users\/1"}],"replies":[{"embeddable":true,"href":"https:\/\/www.slusd.us\/washington\/wp-json\/wp\/v2\/comments?post=90"}],"version-history":[{"count":0,"href":"https:\/\/www.slusd.us\/washington\/wp-json\/wp\/v2\/pages\/90\/revisions"}],"up":[{"embeddable":true,"href":"https:\/\/www.slusd.us\/washington\/wp-json\/wp\/v2\/pages\/79"}],"wp:attachment":[{"href":"https:\/\/www.slusd.us\/washington\/wp-json\/wp\/v2\/media?parent=90"}],"curies":[{"name":"wp","href":"https:\/\/api.w.org\/{rel}","templated":true}]}}