{"id":342,"date":"2020-08-08T18:15:41","date_gmt":"2020-08-08T18:15:41","guid":{"rendered":"https:\/\/www.slusd.us\/roosevelt\/?page_id=342"},"modified":"2020-08-10T19:52:43","modified_gmt":"2020-08-10T19:52:43","slug":"parent-facilitator","status":"publish","type":"page","link":"https:\/\/www.slusd.us\/roosevelt\/families-community\/parent-facilitator\/","title":{"rendered":"Parent Facilitator"},"content":{"rendered":"\t\t<div data-elementor-type=\"wp-page\" data-elementor-id=\"342\" class=\"elementor elementor-342\" data-elementor-post-type=\"page\">\n\t\t\t\t\t\t<section class=\"elementor-section elementor-top-section elementor-element elementor-element-8f74c33 elementor-section-boxed elementor-section-height-default elementor-section-height-default\" data-id=\"8f74c33\" data-element_type=\"section\" data-e-type=\"section\">\n\t\t\t\t\t\t<div class=\"elementor-container elementor-column-gap-default\">\n\t\t\t\t\t<div class=\"elementor-column elementor-col-100 elementor-top-column elementor-element elementor-element-b0c89d9\" data-id=\"b0c89d9\" data-element_type=\"column\" data-e-type=\"column\">\n\t\t\t<div class=\"elementor-widget-wrap elementor-element-populated\">\n\t\t\t\t\t\t<div class=\"elementor-element elementor-element-2619023 elementor-headline--style-highlight elementor-widget elementor-widget-animated-headline\" data-id=\"2619023\" data-element_type=\"widget\" data-e-type=\"widget\" data-settings=\"{&quot;highlighted_text&quot;:&quot;Laura Ordonez&quot;,&quot;headline_style&quot;:&quot;highlight&quot;,&quot;marker&quot;:&quot;circle&quot;,&quot;loop&quot;:&quot;yes&quot;,&quot;highlight_animation_duration&quot;:1200,&quot;highlight_iteration_delay&quot;:8000}\" data-widget_type=\"animated-headline.default\">\n\t\t\t\t<div class=\"elementor-widget-container\">\n\t\t\t\t\t\t\t<h3 class=\"elementor-headline\">\n\t\t\t\t\t<span class=\"elementor-headline-plain-text elementor-headline-text-wrapper\">Meet Our Parent Facilitator<\/span>\n\t\t\t\t<span class=\"elementor-headline-dynamic-wrapper elementor-headline-text-wrapper\">\n\t\t\t\t\t<span class=\"elementor-headline-dynamic-text elementor-headline-text-active\">Laura Ordonez<\/span>\n\t\t\t\t<\/span>\n\t\t\t\t<\/h3>\n\t\t\t\t\t\t<\/div>\n\t\t\t\t<\/div>\n\t\t\t\t<div class=\"elementor-element elementor-element-5608e07 elementor-widget elementor-widget-image\" data-id=\"5608e07\" data-element_type=\"widget\" data-e-type=\"widget\" data-widget_type=\"image.default\">\n\t\t\t\t<div class=\"elementor-widget-container\">\n\t\t\t\t\t\t\t\t\t\t\t\t\t\t\t<img fetchpriority=\"high\" decoding=\"async\" width=\"169\" height=\"300\" src=\"https:\/\/www.slusd.us\/roosevelt\/wp-content\/uploads\/sites\/8\/2020\/08\/0502161323_HDR-169x300.jpg\" class=\"attachment-medium size-medium wp-image-367\" alt=\"\" srcset=\"https:\/\/www.slusd.us\/roosevelt\/wp-content\/uploads\/sites\/8\/2020\/08\/0502161323_HDR-169x300.jpg 169w, https:\/\/www.slusd.us\/roosevelt\/wp-content\/uploads\/sites\/8\/2020\/08\/0502161323_HDR-576x1024.jpg 576w, https:\/\/www.slusd.us\/roosevelt\/wp-content\/uploads\/sites\/8\/2020\/08\/0502161323_HDR-768x1365.jpg 768w, https:\/\/www.slusd.us\/roosevelt\/wp-content\/uploads\/sites\/8\/2020\/08\/0502161323_HDR-864x1536.jpg 864w, https:\/\/www.slusd.us\/roosevelt\/wp-content\/uploads\/sites\/8\/2020\/08\/0502161323_HDR-1152x2048.jpg 1152w, https:\/\/www.slusd.us\/roosevelt\/wp-content\/uploads\/sites\/8\/2020\/08\/0502161323_HDR-rotated.jpg 1440w\" sizes=\"(max-width: 169px) 100vw, 169px\" \/>\t\t\t\t\t\t\t\t\t\t\t\t\t\t\t<\/div>\n\t\t\t\t<\/div>\n\t\t\t\t\t<\/div>\n\t\t<\/div>\n\t\t\t\t\t<\/div>\n\t\t<\/section>\n\t\t\t\t<section class=\"elementor-section elementor-top-section elementor-element elementor-element-5a062bd elementor-section-boxed elementor-section-height-default elementor-section-height-default\" data-id=\"5a062bd\" data-element_type=\"section\" data-e-type=\"section\">\n\t\t\t\t\t\t<div class=\"elementor-container elementor-column-gap-default\">\n\t\t\t\t\t<div class=\"elementor-column elementor-col-100 elementor-top-column elementor-element elementor-element-23c9142\" data-id=\"23c9142\" data-element_type=\"column\" data-e-type=\"column\">\n\t\t\t<div class=\"elementor-widget-wrap elementor-element-populated\">\n\t\t\t\t\t\t<section class=\"elementor-section elementor-inner-section elementor-element elementor-element-087a94e elementor-section-boxed elementor-section-height-default elementor-section-height-default\" data-id=\"087a94e\" data-element_type=\"section\" data-e-type=\"section\">\n\t\t\t\t\t\t<div class=\"elementor-container elementor-column-gap-default\">\n\t\t\t\t\t<div class=\"elementor-column elementor-col-50 elementor-inner-column elementor-element elementor-element-96dd717\" data-id=\"96dd717\" data-element_type=\"column\" data-e-type=\"column\">\n\t\t\t<div class=\"elementor-widget-wrap elementor-element-populated\">\n\t\t\t\t\t\t<div class=\"elementor-element elementor-element-dbea350 elementor-widget elementor-widget-text-editor\" data-id=\"dbea350\" data-element_type=\"widget\" data-e-type=\"widget\" data-widget_type=\"text-editor.default\">\n\t\t\t\t<div class=\"elementor-widget-container\">\n\t\t\t\t\t\t\t\t\t<p>My name is Laura Ordonez, and as your Parent Facilitator, I am here to serve you.<\/p><div>What I love about my job is that I get to meet so many awesome students and parents.\u00a0<\/div><div>\u00a0<\/div><div>I have two daughters at San Leandro High School, so I understand how overwhelming school can seem.\u00a0\u00a0<\/div><div>\u00a0<\/div><div>I am here to help with any questions you may have regarding\u00a0your student, the school\u00a0and any help you might need navigating the school system.\u00a0<\/div><div>\u00a0<\/div><div>If I don&#8217;t have the answer, I will work diligently to help find the answers to your questions.<\/div><div>\u00a0<\/div><div>Please\u00a0do not hesitate to contact me if you have\u00a0any questions or concerns.<\/div><div>\u00a0<\/div><div><a href=\"mailto:Lordonez@slusd.us\" target=\"_blank\" rel=\"noopener\">Lordonez@slusd.us<\/a><\/div><div>510-618-4350 ext 3290<\/div>\t\t\t\t\t\t\t\t<\/div>\n\t\t\t\t<\/div>\n\t\t\t\t\t<\/div>\n\t\t<\/div>\n\t\t\t\t<div class=\"elementor-column elementor-col-50 elementor-inner-column elementor-element elementor-element-cef4cca\" data-id=\"cef4cca\" data-element_type=\"column\" data-e-type=\"column\">\n\t\t\t<div class=\"elementor-widget-wrap elementor-element-populated\">\n\t\t\t\t\t\t<div class=\"elementor-element elementor-element-9b657ea elementor-widget elementor-widget-text-editor\" data-id=\"9b657ea\" data-element_type=\"widget\" data-e-type=\"widget\" data-widget_type=\"text-editor.default\">\n\t\t\t\t<div class=\"elementor-widget-container\">\n\t\t\t\t\t\t\t\t\t<div>Mi nombre es Laura Ord\u00f3\u00f1ez, y como su facilitadora de padres, estoy aqu\u00ed para servirle.\u00a0<\/div><div>\u00a0<\/div><div>Lo que me encanta de mi trabajo es que puedo conocer a tantos estudiantes y padres incre\u00edbles.\u00a0<\/div><div>\u00a0<\/div><div>Tengo dos hijas en San Leandro High School, as\u00ed que entiendo lo abrumadora que puede parecer la escuela.\u00a0 \u00a0\u00a0<\/div><div>Estoy aqu\u00ed para ayudar con cualquier pregunta que pueda tener con respecto a su estudiante, la escuela\u00a0<\/div><div>y cualquier ayuda que pueda necesitar para navegar por el sistema escolar.\u00a0<\/div><div>\u00a0<\/div><div>Si no tengo la respuesta, trabajar\u00e9 diligentemente para ayudarlo a encontrar las respuestas a sus preguntas.\u00a0<\/div><div>\u00a0<\/div><div>No dude en comunicarse conmigo si tiene alguna pregunta o inquietud.<\/div><div>\u00a0<\/div><div><a href=\"mailto:Lordonez@slusd.us\" target=\"_blank\" rel=\"noopener\">Lordonez@slusd.us<\/a><\/div><div>510-618-4350 ext 3290<\/div>\t\t\t\t\t\t\t\t<\/div>\n\t\t\t\t<\/div>\n\t\t\t\t\t<\/div>\n\t\t<\/div>\n\t\t\t\t\t<\/div>\n\t\t<\/section>\n\t\t\t\t\t<\/div>\n\t\t<\/div>\n\t\t\t\t\t<\/div>\n\t\t<\/section>\n\t\t\t\t<\/div>\n\t\t","protected":false},"excerpt":{"rendered":"<p>Meet Our Parent Facilitator My name is Laura Ordonez, and as your Parent Facilitator, I am here to serve you. What I love about my job is that I get to meet so many awesome students and parents.\u00a0\u00a0I have two daughters at San Leandro High School, so I understand how overwhelming school can seem.\u00a0\u00a0\u00a0I am [&hellip;]<\/p>\n","protected":false},"author":20,"featured_media":0,"parent":112,"menu_order":1,"comment_status":"closed","ping_status":"closed","template":"","meta":{"_lmt_disableupdate":"","_lmt_disable":"","cybocfi_hide_featured_image":"","footnotes":""},"class_list":["post-342","page","type-page","status-publish","hentry"],"yoast_head":"<!-- This site is optimized with the Yoast SEO plugin v27.3 - https:\/\/yoast.com\/product\/yoast-seo-wordpress\/ -->\n<title>Parent Facilitator - Roosevelt Elementary<\/title>\n<meta name=\"robots\" content=\"index, follow, max-snippet:-1, max-image-preview:large, max-video-preview:-1\" \/>\n<link rel=\"canonical\" href=\"https:\/\/www.slusd.us\/roosevelt\/families-community\/parent-facilitator\/\" \/>\n<meta property=\"og:locale\" content=\"en_US\" \/>\n<meta property=\"og:type\" content=\"article\" \/>\n<meta property=\"og:title\" content=\"Parent Facilitator - Roosevelt Elementary\" \/>\n<meta property=\"og:description\" content=\"Meet Our Parent Facilitator My name is Laura Ordonez, and as your Parent Facilitator, I am here to serve you. What I love about my job is that I get to meet so many awesome students and parents.\u00a0\u00a0I have two daughters at San Leandro High School, so I understand how overwhelming school can seem.\u00a0\u00a0\u00a0I am [&hellip;]\" \/>\n<meta property=\"og:url\" content=\"https:\/\/www.slusd.us\/roosevelt\/families-community\/parent-facilitator\/\" \/>\n<meta property=\"og:site_name\" content=\"Roosevelt Elementary\" \/>\n<meta property=\"article:modified_time\" content=\"2020-08-10T19:52:43+00:00\" \/>\n<meta property=\"og:image\" content=\"https:\/\/www.slusd.us\/roosevelt\/wp-content\/uploads\/sites\/8\/2020\/08\/0502161323_HDR-rotated.jpg\" \/>\n\t<meta property=\"og:image:width\" content=\"1440\" \/>\n\t<meta property=\"og:image:height\" content=\"2560\" \/>\n\t<meta property=\"og:image:type\" content=\"image\/jpeg\" \/>\n<meta name=\"twitter:card\" content=\"summary_large_image\" \/>\n<meta name=\"twitter:label1\" content=\"Est. reading time\" \/>\n\t<meta name=\"twitter:data1\" content=\"1 minute\" \/>\n<script type=\"application\/ld+json\" class=\"yoast-schema-graph\">{\"@context\":\"https:\\\/\\\/schema.org\",\"@graph\":[{\"@type\":\"WebPage\",\"@id\":\"https:\\\/\\\/www.slusd.us\\\/roosevelt\\\/families-community\\\/parent-facilitator\\\/\",\"url\":\"https:\\\/\\\/www.slusd.us\\\/roosevelt\\\/families-community\\\/parent-facilitator\\\/\",\"name\":\"Parent Facilitator - Roosevelt Elementary\",\"isPartOf\":{\"@id\":\"https:\\\/\\\/www.slusd.us\\\/roosevelt\\\/#website\"},\"primaryImageOfPage\":{\"@id\":\"https:\\\/\\\/www.slusd.us\\\/roosevelt\\\/families-community\\\/parent-facilitator\\\/#primaryimage\"},\"image\":{\"@id\":\"https:\\\/\\\/www.slusd.us\\\/roosevelt\\\/families-community\\\/parent-facilitator\\\/#primaryimage\"},\"thumbnailUrl\":\"https:\\\/\\\/www.slusd.us\\\/roosevelt\\\/wp-content\\\/uploads\\\/sites\\\/8\\\/2020\\\/08\\\/0502161323_HDR-169x300.jpg\",\"datePublished\":\"2020-08-08T18:15:41+00:00\",\"dateModified\":\"2020-08-10T19:52:43+00:00\",\"breadcrumb\":{\"@id\":\"https:\\\/\\\/www.slusd.us\\\/roosevelt\\\/families-community\\\/parent-facilitator\\\/#breadcrumb\"},\"inLanguage\":\"en-US\",\"potentialAction\":[{\"@type\":\"ReadAction\",\"target\":[\"https:\\\/\\\/www.slusd.us\\\/roosevelt\\\/families-community\\\/parent-facilitator\\\/\"]}]},{\"@type\":\"ImageObject\",\"inLanguage\":\"en-US\",\"@id\":\"https:\\\/\\\/www.slusd.us\\\/roosevelt\\\/families-community\\\/parent-facilitator\\\/#primaryimage\",\"url\":\"https:\\\/\\\/www.slusd.us\\\/roosevelt\\\/wp-content\\\/uploads\\\/sites\\\/8\\\/2020\\\/08\\\/0502161323_HDR-rotated.jpg\",\"contentUrl\":\"https:\\\/\\\/www.slusd.us\\\/roosevelt\\\/wp-content\\\/uploads\\\/sites\\\/8\\\/2020\\\/08\\\/0502161323_HDR-rotated.jpg\",\"width\":1440,\"height\":2560},{\"@type\":\"BreadcrumbList\",\"@id\":\"https:\\\/\\\/www.slusd.us\\\/roosevelt\\\/families-community\\\/parent-facilitator\\\/#breadcrumb\",\"itemListElement\":[{\"@type\":\"ListItem\",\"position\":1,\"name\":\"Home\",\"item\":\"https:\\\/\\\/www.slusd.us\\\/roosevelt\\\/\"},{\"@type\":\"ListItem\",\"position\":2,\"name\":\"Families &amp; Community\",\"item\":\"https:\\\/\\\/www.slusd.us\\\/roosevelt\\\/families-community\\\/\"},{\"@type\":\"ListItem\",\"position\":3,\"name\":\"Parent Facilitator\"}]},{\"@type\":\"WebSite\",\"@id\":\"https:\\\/\\\/www.slusd.us\\\/roosevelt\\\/#website\",\"url\":\"https:\\\/\\\/www.slusd.us\\\/roosevelt\\\/\",\"name\":\"Roosevelt Elementary\",\"description\":\"\",\"publisher\":{\"@id\":\"https:\\\/\\\/www.slusd.us\\\/roosevelt\\\/#organization\"},\"potentialAction\":[{\"@type\":\"SearchAction\",\"target\":{\"@type\":\"EntryPoint\",\"urlTemplate\":\"https:\\\/\\\/www.slusd.us\\\/roosevelt\\\/?s={search_term_string}\"},\"query-input\":{\"@type\":\"PropertyValueSpecification\",\"valueRequired\":true,\"valueName\":\"search_term_string\"}}],\"inLanguage\":\"en-US\"},{\"@type\":\"Organization\",\"@id\":\"https:\\\/\\\/www.slusd.us\\\/roosevelt\\\/#organization\",\"name\":\"Roosevelt Elementary\",\"url\":\"https:\\\/\\\/www.slusd.us\\\/roosevelt\\\/\",\"logo\":{\"@type\":\"ImageObject\",\"inLanguage\":\"en-US\",\"@id\":\"https:\\\/\\\/www.slusd.us\\\/roosevelt\\\/#\\\/schema\\\/logo\\\/image\\\/\",\"url\":\"https:\\\/\\\/www.slusd.us\\\/roosevelt\\\/wp-content\\\/uploads\\\/sites\\\/8\\\/2020\\\/04\\\/roosevelt2-e1597771324815.png\",\"contentUrl\":\"https:\\\/\\\/www.slusd.us\\\/roosevelt\\\/wp-content\\\/uploads\\\/sites\\\/8\\\/2020\\\/04\\\/roosevelt2-e1597771324815.png\",\"width\":104,\"height\":91,\"caption\":\"Roosevelt Elementary\"},\"image\":{\"@id\":\"https:\\\/\\\/www.slusd.us\\\/roosevelt\\\/#\\\/schema\\\/logo\\\/image\\\/\"}}]}<\/script>\n<!-- \/ Yoast SEO plugin. -->","yoast_head_json":{"title":"Parent Facilitator - Roosevelt Elementary","robots":{"index":"index","follow":"follow","max-snippet":"max-snippet:-1","max-image-preview":"max-image-preview:large","max-video-preview":"max-video-preview:-1"},"canonical":"https:\/\/www.slusd.us\/roosevelt\/families-community\/parent-facilitator\/","og_locale":"en_US","og_type":"article","og_title":"Parent Facilitator - Roosevelt Elementary","og_description":"Meet Our Parent Facilitator My name is Laura Ordonez, and as your Parent Facilitator, I am here to serve you. What I love about my job is that I get to meet so many awesome students and parents.\u00a0\u00a0I have two daughters at San Leandro High School, so I understand how overwhelming school can seem.\u00a0\u00a0\u00a0I am [&hellip;]","og_url":"https:\/\/www.slusd.us\/roosevelt\/families-community\/parent-facilitator\/","og_site_name":"Roosevelt Elementary","article_modified_time":"2020-08-10T19:52:43+00:00","og_image":[{"width":1440,"height":2560,"url":"https:\/\/www.slusd.us\/roosevelt\/wp-content\/uploads\/sites\/8\/2020\/08\/0502161323_HDR-rotated.jpg","type":"image\/jpeg"}],"twitter_card":"summary_large_image","twitter_misc":{"Est. reading time":"1 minute"},"schema":{"@context":"https:\/\/schema.org","@graph":[{"@type":"WebPage","@id":"https:\/\/www.slusd.us\/roosevelt\/families-community\/parent-facilitator\/","url":"https:\/\/www.slusd.us\/roosevelt\/families-community\/parent-facilitator\/","name":"Parent Facilitator - Roosevelt Elementary","isPartOf":{"@id":"https:\/\/www.slusd.us\/roosevelt\/#website"},"primaryImageOfPage":{"@id":"https:\/\/www.slusd.us\/roosevelt\/families-community\/parent-facilitator\/#primaryimage"},"image":{"@id":"https:\/\/www.slusd.us\/roosevelt\/families-community\/parent-facilitator\/#primaryimage"},"thumbnailUrl":"https:\/\/www.slusd.us\/roosevelt\/wp-content\/uploads\/sites\/8\/2020\/08\/0502161323_HDR-169x300.jpg","datePublished":"2020-08-08T18:15:41+00:00","dateModified":"2020-08-10T19:52:43+00:00","breadcrumb":{"@id":"https:\/\/www.slusd.us\/roosevelt\/families-community\/parent-facilitator\/#breadcrumb"},"inLanguage":"en-US","potentialAction":[{"@type":"ReadAction","target":["https:\/\/www.slusd.us\/roosevelt\/families-community\/parent-facilitator\/"]}]},{"@type":"ImageObject","inLanguage":"en-US","@id":"https:\/\/www.slusd.us\/roosevelt\/families-community\/parent-facilitator\/#primaryimage","url":"https:\/\/www.slusd.us\/roosevelt\/wp-content\/uploads\/sites\/8\/2020\/08\/0502161323_HDR-rotated.jpg","contentUrl":"https:\/\/www.slusd.us\/roosevelt\/wp-content\/uploads\/sites\/8\/2020\/08\/0502161323_HDR-rotated.jpg","width":1440,"height":2560},{"@type":"BreadcrumbList","@id":"https:\/\/www.slusd.us\/roosevelt\/families-community\/parent-facilitator\/#breadcrumb","itemListElement":[{"@type":"ListItem","position":1,"name":"Home","item":"https:\/\/www.slusd.us\/roosevelt\/"},{"@type":"ListItem","position":2,"name":"Families &amp; Community","item":"https:\/\/www.slusd.us\/roosevelt\/families-community\/"},{"@type":"ListItem","position":3,"name":"Parent Facilitator"}]},{"@type":"WebSite","@id":"https:\/\/www.slusd.us\/roosevelt\/#website","url":"https:\/\/www.slusd.us\/roosevelt\/","name":"Roosevelt Elementary","description":"","publisher":{"@id":"https:\/\/www.slusd.us\/roosevelt\/#organization"},"potentialAction":[{"@type":"SearchAction","target":{"@type":"EntryPoint","urlTemplate":"https:\/\/www.slusd.us\/roosevelt\/?s={search_term_string}"},"query-input":{"@type":"PropertyValueSpecification","valueRequired":true,"valueName":"search_term_string"}}],"inLanguage":"en-US"},{"@type":"Organization","@id":"https:\/\/www.slusd.us\/roosevelt\/#organization","name":"Roosevelt Elementary","url":"https:\/\/www.slusd.us\/roosevelt\/","logo":{"@type":"ImageObject","inLanguage":"en-US","@id":"https:\/\/www.slusd.us\/roosevelt\/#\/schema\/logo\/image\/","url":"https:\/\/www.slusd.us\/roosevelt\/wp-content\/uploads\/sites\/8\/2020\/04\/roosevelt2-e1597771324815.png","contentUrl":"https:\/\/www.slusd.us\/roosevelt\/wp-content\/uploads\/sites\/8\/2020\/04\/roosevelt2-e1597771324815.png","width":104,"height":91,"caption":"Roosevelt Elementary"},"image":{"@id":"https:\/\/www.slusd.us\/roosevelt\/#\/schema\/logo\/image\/"}}]}},"_links":{"self":[{"href":"https:\/\/www.slusd.us\/roosevelt\/wp-json\/wp\/v2\/pages\/342","targetHints":{"allow":["GET"]}}],"collection":[{"href":"https:\/\/www.slusd.us\/roosevelt\/wp-json\/wp\/v2\/pages"}],"about":[{"href":"https:\/\/www.slusd.us\/roosevelt\/wp-json\/wp\/v2\/types\/page"}],"author":[{"embeddable":true,"href":"https:\/\/www.slusd.us\/roosevelt\/wp-json\/wp\/v2\/users\/20"}],"replies":[{"embeddable":true,"href":"https:\/\/www.slusd.us\/roosevelt\/wp-json\/wp\/v2\/comments?post=342"}],"version-history":[{"count":7,"href":"https:\/\/www.slusd.us\/roosevelt\/wp-json\/wp\/v2\/pages\/342\/revisions"}],"predecessor-version":[{"id":369,"href":"https:\/\/www.slusd.us\/roosevelt\/wp-json\/wp\/v2\/pages\/342\/revisions\/369"}],"up":[{"embeddable":true,"href":"https:\/\/www.slusd.us\/roosevelt\/wp-json\/wp\/v2\/pages\/112"}],"wp:attachment":[{"href":"https:\/\/www.slusd.us\/roosevelt\/wp-json\/wp\/v2\/media?parent=342"}],"curies":[{"name":"wp","href":"https:\/\/api.w.org\/{rel}","templated":true}]}}